{"id":1066,"date":"2026-02-25T10:23:26","date_gmt":"2026-02-25T10:23:26","guid":{"rendered":"https:\/\/arquidiocesedeluanda.ao\/noticia\/?page_id=1066"},"modified":"2026-02-26T08:39:44","modified_gmt":"2026-02-26T08:39:44","slug":"clero","status":"publish","type":"page","link":"https:\/\/arquidiocesedeluanda.ao\/noticia\/clero\/","title":{"rendered":"Clero"},"content":{"rendered":"\n<div class=\"wp-block-uagb-image aligncenter uagb-block-7839634e wp-block-uagb-image--layout-default wp-block-uagb-image--effect-static wp-block-uagb-image--align-center\"><figure class=\"wp-block-uagb-image__figure\"><img decoding=\"async\" srcset=\"https:\/\/arquidiocesedeluanda.ao\/noticia\/wp-content\/uploads\/2026\/02\/clero.png ,https:\/\/arquidiocesedeluanda.ao\/noticia\/wp-content\/uploads\/2026\/02\/clero.png 780w, https:\/\/arquidiocesedeluanda.ao\/noticia\/wp-content\/uploads\/2026\/02\/clero.png 360w\" sizes=\"auto, (max-width: 480px) 150px\" src=\"https:\/\/arquidiocesedeluanda.ao\/noticia\/wp-content\/uploads\/2026\/02\/clero.png\" alt=\"\" class=\"uag-image-1067\" width=\"1288\" height=\"73\" title=\"clero\" loading=\"lazy\" role=\"img\"\/><\/figure><\/div>\n\n\n\n<div class=\"wp-block-uagb-advanced-heading uagb-block-d70042a4\"><h1 class=\"uagb-heading-text\">Clero da Arquidiocese de Luanda<\/h1><\/div>\n\n\n\n<p class=\"has-text-align-center wp-block-paragraph\">O clero Arquidiocesano \u00e9 composto por um conjunto de homens escolhidos por Deus para formarem um eclesi\u00e1stico. \u00c9 dividido em dois grandes grupos: clero religioso, com membros que foram recolhidos de uma determinada ordem religiosa; clero diocesano, com pessoas que vivem junto \u00e0 popula\u00e7\u00e3o leiga!<\/p>\n\n\n\n<div class=\"wp-block-uagb-container uagb-block-2c1b9dbc alignfull uagb-is-root-container\"><div class=\"uagb-container-inner-blocks-wrap\">\n<div class=\"wp-block-uagb-container uagb-block-f3216004\">\n<div class=\"wp-block-essential-blocks-infobox  root-eb-infobox-pyza6\"><div class=\"eb-parent-wrapper eb-parent-eb-infobox-pyza6 \"><div class=\"eb-infobox-pyza6 eb-infobox-wrapper\"><div class=\"infobox-wrapper-inner\"><div class=\"icon-img-wrapper\"><div class=\"eb-infobox-image-wrapper\"><div class=\"eb-image-wrapper\"><div class=\"eb-image-wrapper-inner eb-infobox-image\"><img decoding=\"async\" src=\"https:\/\/arquidiocesedeluanda.ao\/noticia\/wp-content\/uploads\/2026\/02\/Diocesano.png\" alt=\"\"\/><\/div><a class=\"eb-image-link\" href=\"https:\/\/arquidiocesedeluanda.ao\/noticia\/diocesano\/\" target=\"_self\"><\/a><\/div><\/div><\/div><div class=\"contents-wrapper\"><\/div><\/div><\/div><\/div><\/div>\n<\/div>\n\n\n\n<div class=\"wp-block-uagb-container uagb-block-c4db0e50\">\n<div class=\"wp-block-essential-blocks-infobox  root-eb-infobox-86diy\"><div class=\"eb-parent-wrapper eb-parent-eb-infobox-86diy \"><div class=\"eb-infobox-86diy eb-infobox-wrapper\"><div class=\"infobox-wrapper-inner\"><div class=\"icon-img-wrapper\"><div class=\"eb-infobox-image-wrapper\"><div class=\"eb-image-wrapper\"><div class=\"eb-image-wrapper-inner eb-infobox-image\"><img decoding=\"async\" src=\"https:\/\/arquidiocesedeluanda.ao\/noticia\/wp-content\/uploads\/2026\/02\/Religioso.png\" alt=\"\"\/><\/div><a class=\"eb-image-link\" href=\"https:\/\/arquidiocesedeluanda.ao\/noticia\/religiosos\/\" target=\"_self\"><\/a><\/div><\/div><\/div><div class=\"contents-wrapper\"><\/div><\/div><\/div><\/div><\/div>\n<\/div>\n\n\n\n<div class=\"wp-block-uagb-container uagb-block-50a6d9df\">\n<div class=\"wp-block-essential-blocks-infobox  root-eb-infobox-oyd7o\"><div class=\"eb-parent-wrapper eb-parent-eb-infobox-oyd7o \"><div class=\"eb-infobox-oyd7o eb-infobox-wrapper\"><div class=\"infobox-wrapper-inner\"><div class=\"icon-img-wrapper\"><div class=\"eb-infobox-image-wrapper\"><div class=\"eb-image-wrapper\"><div class=\"eb-image-wrapper-inner eb-infobox-image\"><img decoding=\"async\" src=\"https:\/\/arquidiocesedeluanda.ao\/noticia\/wp-content\/uploads\/2026\/02\/Fidei-Donum.png\" alt=\"\"\/><\/div><a class=\"eb-image-link\" href=\"https:\/\/arquidiocesedeluanda.ao\/noticia\/fidei-donum\/\" target=\"_self\"><\/a><\/div><\/div><\/div><div class=\"contents-wrapper\"><\/div><\/div><\/div><\/div><\/div>\n<\/div>\n<\/div><\/div>\n","protected":false},"excerpt":{"rendered":"<p>Clero da Arquidiocese de Luanda O clero Arquidiocesano \u00e9 composto por um conjunto de homens escolhidos por Deus para formarem um eclesi\u00e1stico. \u00c9 dividido em dois grandes grupos: clero religioso, com membros que foram recolhidos de uma determinada ordem religiosa;&hellip;<\/p>\n","protected":false},"author":1,"featured_media":0,"parent":0,"menu_order":0,"comment_status":"closed","ping_status":"closed","template":"","meta":{"_eb_attr":"","_crdt_document":"","_uag_custom_page_level_css":"","_monsterinsights_skip_tracking":false,"_monsterinsights_sitenote_active":false,"_monsterinsights_sitenote_note":"","_monsterinsights_sitenote_category":0,"footnotes":""},"class_list":["post-1066","page","type-page","status-publish","hentry"],"uagb_featured_image_src":{"full":false,"thumbnail":false,"medium":false,"medium_large":false,"large":false,"1536x1536":false,"2048x2048":false},"uagb_author_info":{"display_name":"Geovanigabriel2","author_link":"https:\/\/arquidiocesedeluanda.ao\/noticia\/author\/geovanigabriel2\/"},"uagb_comment_info":0,"uagb_excerpt":"Clero da Arquidiocese de Luanda O clero Arquidiocesano \u00e9 composto por um conjunto de homens escolhidos por Deus para formarem um eclesi\u00e1stico. \u00c9 dividido em dois grandes grupos: clero religioso, com membros que foram recolhidos de uma determinada ordem religiosa;&hellip;","_links":{"self":[{"href":"https:\/\/arquidiocesedeluanda.ao\/noticia\/wp-json\/wp\/v2\/pages\/1066","targetHints":{"allow":["GET"]}}],"collection":[{"href":"https:\/\/arquidiocesedeluanda.ao\/noticia\/wp-json\/wp\/v2\/pages"}],"about":[{"href":"https:\/\/arquidiocesedeluanda.ao\/noticia\/wp-json\/wp\/v2\/types\/page"}],"author":[{"embeddable":true,"href":"https:\/\/arquidiocesedeluanda.ao\/noticia\/wp-json\/wp\/v2\/users\/1"}],"replies":[{"embeddable":true,"href":"https:\/\/arquidiocesedeluanda.ao\/noticia\/wp-json\/wp\/v2\/comments?post=1066"}],"version-history":[{"count":8,"href":"https:\/\/arquidiocesedeluanda.ao\/noticia\/wp-json\/wp\/v2\/pages\/1066\/revisions"}],"predecessor-version":[{"id":1223,"href":"https:\/\/arquidiocesedeluanda.ao\/noticia\/wp-json\/wp\/v2\/pages\/1066\/revisions\/1223"}],"wp:attachment":[{"href":"https:\/\/arquidiocesedeluanda.ao\/noticia\/wp-json\/wp\/v2\/media?parent=1066"}],"curies":[{"name":"wp","href":"https:\/\/api.w.org\/{rel}","templated":true}]}}