{"id":1075,"date":"2026-02-25T10:34:09","date_gmt":"2026-02-25T10:34:09","guid":{"rendered":"https:\/\/arquidiocesedeluanda.ao\/noticia\/?page_id=1075"},"modified":"2026-03-01T17:53:53","modified_gmt":"2026-03-01T17:53:53","slug":"zonais-pastorias","status":"publish","type":"page","link":"https:\/\/arquidiocesedeluanda.ao\/noticia\/zonais-pastorias\/","title":{"rendered":"Zonais Pastorais"},"content":{"rendered":"\n<div class=\"wp-block-uagb-container uagb-block-c9e179d4 alignfull uagb-is-root-container\">\n<div class=\"wp-block-uagb-advanced-heading uagb-block-60e6508d\"><h1 class=\"uagb-heading-text\"><br><br>Vigararias <br>Arquidiocesana<br><br><br><\/h1><\/div>\n\n\n\n<p class=\"wp-block-paragraph\"><\/p>\n<\/div>\n\n\n\n<div class=\"wp-block-uagb-container uagb-block-4ed0413d alignfull uagb-is-root-container\"><div class=\"uagb-container-inner-blocks-wrap\">\n<div class=\"wp-block-uagb-advanced-heading uagb-block-cfbdc155\"><h1 class=\"uagb-heading-text\">Zona Centro <\/h1><\/div>\n\n\n\n<div class=\"wp-block-uagb-advanced-heading uagb-block-6ac13bf3\"><h3 class=\"uagb-heading-text\">Dom Filomeno do Nascimento Vieira Dias <\/h3><\/div>\n\n\n\n<p class=\"wp-block-paragraph\">A Zona Centro \u00e9 composta por duas Vigararias, e tem no seu todo catorze Par\u00f3quias <\/p>\n<\/div><\/div>\n\n\n\n<p class=\"wp-block-paragraph\"><\/p>\n\n\n\n<div class=\"wp-block-uagb-container uagb-block-7f8b6841 alignfull uagb-is-root-container\"><div class=\"uagb-container-inner-blocks-wrap\">\n<div class=\"wp-block-uagb-container uagb-block-ed0547a2\">\n<div class=\"wp-block-essential-blocks-infobox  root-eb-infobox-3fh3n\"><div class=\"eb-parent-wrapper eb-parent-eb-infobox-3fh3n \"><div class=\"eb-infobox-3fh3n eb-infobox-wrapper\"><div class=\"infobox-wrapper-inner\"><div class=\"icon-img-wrapper\"><div class=\"eb-infobox-image-wrapper\"><div class=\"eb-image-wrapper\"><div class=\"eb-image-wrapper-inner eb-infobox-image\"><img decoding=\"async\" src=\"https:\/\/arquidiocesedeluanda.ao\/noticia\/wp-content\/uploads\/2026\/02\/conceicao.png\" alt=\"\"\/><\/div><a class=\"eb-image-link\" href=\"https:\/\/arquidiocesedeluanda.ao\/noticia\/conceicao\/\" target=\"_self\"><\/a><\/div><\/div><\/div><div class=\"contents-wrapper\"><\/div><\/div><\/div><\/div><\/div>\n<\/div>\n\n\n\n<div class=\"wp-block-uagb-container uagb-block-59ad1165\">\n<div class=\"wp-block-essential-blocks-infobox  root-eb-infobox-usj8q\"><div class=\"eb-parent-wrapper eb-parent-eb-infobox-usj8q \"><div class=\"eb-infobox-usj8q eb-infobox-wrapper\"><div class=\"infobox-wrapper-inner\"><div class=\"contents-wrapper\"><\/div><\/div><\/div><\/div><\/div>\n<\/div>\n\n\n\n<div class=\"wp-block-uagb-container uagb-block-ee2187f5\">\n<div class=\"wp-block-essential-blocks-infobox  root-eb-infobox-8joj0\"><div class=\"eb-parent-wrapper eb-parent-eb-infobox-8joj0 \"><div class=\"eb-infobox-8joj0 eb-infobox-wrapper\"><div class=\"infobox-wrapper-inner\"><div class=\"icon-img-wrapper\"><div class=\"eb-infobox-image-wrapper\"><div class=\"eb-image-wrapper\"><div class=\"eb-image-wrapper-inner eb-infobox-image\"><img decoding=\"async\" src=\"https:\/\/arquidiocesedeluanda.ao\/noticia\/wp-content\/uploads\/2026\/02\/pedro.png\" alt=\"\"\/><\/div><a class=\"eb-image-link\" href=\"https:\/\/arquidiocesedeluanda.ao\/noticia\/pedro\/\" target=\"_self\"><\/a><\/div><\/div><\/div><div class=\"contents-wrapper\"><\/div><\/div><\/div><\/div><\/div>\n<\/div>\n<\/div><\/div>\n\n\n\n<div class=\"wp-block-uagb-container uagb-block-f1093cdf alignfull uagb-is-root-container\"><div class=\"uagb-container-inner-blocks-wrap\">\n<div class=\"wp-block-uagb-advanced-heading uagb-block-8a97fcb9\"><h1 class=\"uagb-heading-text\">Zona Norte <\/h1><\/div>\n\n\n\n<div class=\"wp-block-uagb-advanced-heading uagb-block-3147ba7b\"><h3 class=\"uagb-heading-text\">Dom Fernando Francisco <\/h3><\/div>\n\n\n\n<p class=\"wp-block-paragraph\">A Zona Norte \u00e9 composta por duas Vigararias, e tem no seu todo Dezasseis Par\u00f3quias<\/p>\n<\/div><\/div>\n\n\n\n<div class=\"wp-block-uagb-container uagb-block-6cedd95d alignfull uagb-is-root-container\"><div class=\"uagb-container-inner-blocks-wrap\">\n<div class=\"wp-block-uagb-container uagb-block-d45e8f01\">\n<div class=\"wp-block-essential-blocks-infobox  root-eb-infobox-oql4u\"><div class=\"eb-parent-wrapper eb-parent-eb-infobox-oql4u \"><div class=\"eb-infobox-oql4u eb-infobox-wrapper\"><div class=\"infobox-wrapper-inner\"><div class=\"icon-img-wrapper\"><div class=\"eb-infobox-image-wrapper\"><div class=\"eb-image-wrapper\"><div class=\"eb-image-wrapper-inner eb-infobox-image\"><img decoding=\"async\" src=\"https:\/\/arquidiocesedeluanda.ao\/noticia\/wp-content\/uploads\/2026\/02\/ChatGPT-Image-26_02_2026-12_34_46-150x150.png\" alt=\"\"\/><\/div><a class=\"eb-image-link\" href=\"https:\/\/arquidiocesedeluanda.ao\/noticia\/fatima\/\" target=\"_self\"><\/a><\/div><\/div><\/div><div class=\"contents-wrapper\"><\/div><\/div><\/div><\/div><\/div>\n<\/div>\n\n\n\n<div class=\"wp-block-uagb-container uagb-block-eb78cb6c\">\n<div class=\"wp-block-essential-blocks-infobox  root-eb-infobox-ejk8c\"><div class=\"eb-parent-wrapper eb-parent-eb-infobox-ejk8c \"><div class=\"eb-infobox-ejk8c eb-infobox-wrapper\"><div class=\"infobox-wrapper-inner\"><div class=\"contents-wrapper\"><\/div><\/div><\/div><\/div><\/div>\n<\/div>\n\n\n\n<div class=\"wp-block-uagb-container uagb-block-3c542a69\">\n<div class=\"wp-block-essential-blocks-infobox  root-eb-infobox-rkt1f\"><div class=\"eb-parent-wrapper eb-parent-eb-infobox-rkt1f \"><div class=\"eb-infobox-rkt1f eb-infobox-wrapper\"><div class=\"infobox-wrapper-inner\"><div class=\"icon-img-wrapper\"><div class=\"eb-infobox-image-wrapper\"><div class=\"eb-image-wrapper\"><div class=\"eb-image-wrapper-inner eb-infobox-image\"><img decoding=\"async\" src=\"https:\/\/arquidiocesedeluanda.ao\/noticia\/wp-content\/uploads\/2026\/02\/ChatGPT-Image-26_02_2026-13_59_36-150x150.png\" alt=\"\"\/><\/div><a class=\"eb-image-link\" href=\"https:\/\/arquidiocesedeluanda.ao\/noticia\/antonio\/\" target=\"_self\"><\/a><\/div><\/div><\/div><div class=\"contents-wrapper\"><\/div><\/div><\/div><\/div><\/div>\n<\/div>\n<\/div><\/div>\n\n\n\n<div class=\"wp-block-uagb-container uagb-block-8a951f12 alignfull uagb-is-root-container\"><div class=\"uagb-container-inner-blocks-wrap\">\n<div class=\"wp-block-uagb-advanced-heading uagb-block-6bf31e03\"><h1 class=\"uagb-heading-text\">Zona Sul <\/h1><\/div>\n\n\n\n<div class=\"wp-block-uagb-advanced-heading uagb-block-78cc9c5a\"><h3 class=\"uagb-heading-text\">Dom Ant\u00f3nio Bengui<\/h3><\/div>\n\n\n\n<p class=\"wp-block-paragraph\">A Zona Sul \u00e9 composta por quatro Vigararias, e tem no seu todo vinte e tr\u00eas Par\u00f3quias<\/p>\n<\/div><\/div>\n\n\n\n<div class=\"wp-block-uagb-container uagb-block-925e7680 alignfull uagb-is-root-container\"><div class=\"uagb-container-inner-blocks-wrap\">\n<div class=\"wp-block-uagb-container uagb-block-8e8ab53f\">\n<div class=\"wp-block-essential-blocks-infobox  root-eb-infobox-phfe7\"><div class=\"eb-parent-wrapper eb-parent-eb-infobox-phfe7 \"><div class=\"eb-infobox-phfe7 eb-infobox-wrapper\"><div class=\"infobox-wrapper-inner\"><div class=\"icon-img-wrapper\"><div class=\"eb-infobox-image-wrapper\"><div class=\"eb-image-wrapper\"><div class=\"eb-image-wrapper-inner eb-infobox-image\"><img decoding=\"async\" src=\"https:\/\/arquidiocesedeluanda.ao\/noticia\/wp-content\/uploads\/2026\/02\/lwanga-150x150.png\" alt=\"\"\/><\/div><a class=\"eb-image-link\" href=\"https:\/\/arquidiocesedeluanda.ao\/noticia\/lwanga\/\" target=\"_self\"><\/a><\/div><\/div><\/div><div class=\"contents-wrapper\"><\/div><\/div><\/div><\/div><\/div>\n<\/div>\n\n\n\n<div class=\"wp-block-uagb-container uagb-block-d32ddd4f\">\n<div class=\"wp-block-essential-blocks-infobox  root-eb-infobox-scnn8\"><div class=\"eb-parent-wrapper eb-parent-eb-infobox-scnn8 \"><div class=\"eb-infobox-scnn8 eb-infobox-wrapper\"><div class=\"infobox-wrapper-inner\"><div class=\"icon-img-wrapper\"><div class=\"eb-infobox-image-wrapper\"><div class=\"eb-image-wrapper\"><div class=\"eb-image-wrapper-inner eb-infobox-image\"><img decoding=\"async\" src=\"https:\/\/arquidiocesedeluanda.ao\/noticia\/wp-content\/uploads\/2026\/02\/cazanga.png\" alt=\"\"\/><\/div><a class=\"eb-image-link\" href=\"https:\/\/arquidiocesedeluanda.ao\/noticia\/cazanga\/\" target=\"_self\"><\/a><\/div><\/div><\/div><div class=\"contents-wrapper\"><\/div><\/div><\/div><\/div><\/div>\n<\/div>\n\n\n\n<div class=\"wp-block-uagb-container uagb-block-ab9e8792\">\n<div class=\"wp-block-essential-blocks-infobox  root-eb-infobox-58day\"><div class=\"eb-parent-wrapper eb-parent-eb-infobox-58day \"><div class=\"eb-infobox-58day eb-infobox-wrapper\"><div class=\"infobox-wrapper-inner\"><div class=\"icon-img-wrapper\"><div class=\"eb-infobox-image-wrapper\"><div class=\"eb-image-wrapper\"><div class=\"eb-image-wrapper-inner eb-infobox-image\"><img decoding=\"async\" src=\"https:\/\/arquidiocesedeluanda.ao\/noticia\/wp-content\/uploads\/2026\/02\/calabria-150x150.png\" alt=\"\"\/><\/div><a class=\"eb-image-link\" href=\"https:\/\/arquidiocesedeluanda.ao\/noticia\/calabria\/\" target=\"_self\"><\/a><\/div><\/div><\/div><div class=\"contents-wrapper\"><\/div><\/div><\/div><\/div><\/div>\n<\/div>\n\n\n\n<div class=\"wp-block-uagb-container uagb-block-cfbb152d\">\n<div class=\"wp-block-essential-blocks-infobox  root-eb-infobox-znplk\"><div class=\"eb-parent-wrapper eb-parent-eb-infobox-znplk \"><div class=\"eb-infobox-znplk eb-infobox-wrapper\"><div class=\"infobox-wrapper-inner\"><div class=\"icon-img-wrapper\"><div class=\"eb-infobox-image-wrapper\"><div class=\"eb-image-wrapper\"><div class=\"eb-image-wrapper-inner eb-infobox-image\"><img decoding=\"async\" src=\"https:\/\/arquidiocesedeluanda.ao\/noticia\/wp-content\/uploads\/2026\/02\/agostinho-150x150.png\" alt=\"\"\/><\/div><a class=\"eb-image-link\" href=\"https:\/\/arquidiocesedeluanda.ao\/noticia\/agostinho\/\" target=\"_self\"><\/a><\/div><\/div><\/div><div class=\"contents-wrapper\"><\/div><\/div><\/div><\/div><\/div>\n<\/div>\n<\/div><\/div>\n\n\n\n<p class=\"wp-block-paragraph\"><\/p>\n","protected":false},"excerpt":{"rendered":"<p>Vigararias Arquidiocesana Zona Centro Dom Filomeno do Nascimento Vieira Dias A Zona Centro \u00e9 composta por duas Vigararias, e tem no seu todo catorze Par\u00f3quias Zona Norte Dom Fernando Francisco A Zona Norte \u00e9 composta por duas Vigararias, e tem&hellip;<\/p>\n","protected":false},"author":1,"featured_media":1189,"parent":0,"menu_order":0,"comment_status":"closed","ping_status":"closed","template":"","meta":{"_eb_attr":"","_crdt_document":"","_uag_custom_page_level_css":"","_monsterinsights_skip_tracking":false,"_monsterinsights_sitenote_active":false,"_monsterinsights_sitenote_note":"","_monsterinsights_sitenote_category":0,"footnotes":""},"class_list":["post-1075","page","type-page","status-publish","has-post-thumbnail","hentry"],"uagb_featured_image_src":{"full":["https:\/\/arquidiocesedeluanda.ao\/noticia\/wp-content\/uploads\/2026\/02\/SOBRE-NOS-e1772127734672.jpg",720,587,false],"thumbnail":["https:\/\/arquidiocesedeluanda.ao\/noticia\/wp-content\/uploads\/2026\/02\/SOBRE-NOS-e1772127734672-150x150.jpg",150,150,true],"medium":["https:\/\/arquidiocesedeluanda.ao\/noticia\/wp-content\/uploads\/2026\/02\/SOBRE-NOS-e1772127734672-300x245.jpg",300,245,true],"medium_large":["https:\/\/arquidiocesedeluanda.ao\/noticia\/wp-content\/uploads\/2026\/02\/SOBRE-NOS-e1772127734672.jpg",720,587,false],"large":["https:\/\/arquidiocesedeluanda.ao\/noticia\/wp-content\/uploads\/2026\/02\/SOBRE-NOS-e1772127734672.jpg",720,587,false],"1536x1536":["https:\/\/arquidiocesedeluanda.ao\/noticia\/wp-content\/uploads\/2026\/02\/SOBRE-NOS-e1772127734672.jpg",720,587,false],"2048x2048":["https:\/\/arquidiocesedeluanda.ao\/noticia\/wp-content\/uploads\/2026\/02\/SOBRE-NOS-e1772127734672.jpg",720,587,false]},"uagb_author_info":{"display_name":"Geovanigabriel2","author_link":"https:\/\/arquidiocesedeluanda.ao\/noticia\/author\/geovanigabriel2\/"},"uagb_comment_info":0,"uagb_excerpt":"Vigararias Arquidiocesana Zona Centro Dom Filomeno do Nascimento Vieira Dias A Zona Centro \u00e9 composta por duas Vigararias, e tem no seu todo catorze Par\u00f3quias Zona Norte Dom Fernando Francisco A Zona Norte \u00e9 composta por duas Vigararias, e tem&hellip;","_links":{"self":[{"href":"https:\/\/arquidiocesedeluanda.ao\/noticia\/wp-json\/wp\/v2\/pages\/1075","targetHints":{"allow":["GET"]}}],"collection":[{"href":"https:\/\/arquidiocesedeluanda.ao\/noticia\/wp-json\/wp\/v2\/pages"}],"about":[{"href":"https:\/\/arquidiocesedeluanda.ao\/noticia\/wp-json\/wp\/v2\/types\/page"}],"author":[{"embeddable":true,"href":"https:\/\/arquidiocesedeluanda.ao\/noticia\/wp-json\/wp\/v2\/users\/1"}],"replies":[{"embeddable":true,"href":"https:\/\/arquidiocesedeluanda.ao\/noticia\/wp-json\/wp\/v2\/comments?post=1075"}],"version-history":[{"count":23,"href":"https:\/\/arquidiocesedeluanda.ao\/noticia\/wp-json\/wp\/v2\/pages\/1075\/revisions"}],"predecessor-version":[{"id":1290,"href":"https:\/\/arquidiocesedeluanda.ao\/noticia\/wp-json\/wp\/v2\/pages\/1075\/revisions\/1290"}],"wp:featuredmedia":[{"embeddable":true,"href":"https:\/\/arquidiocesedeluanda.ao\/noticia\/wp-json\/wp\/v2\/media\/1189"}],"wp:attachment":[{"href":"https:\/\/arquidiocesedeluanda.ao\/noticia\/wp-json\/wp\/v2\/media?parent=1075"}],"curies":[{"name":"wp","href":"https:\/\/api.w.org\/{rel}","templated":true}]}}